{"id":378,"date":"2024-10-23T18:37:25","date_gmt":"2024-10-23T18:37:25","guid":{"rendered":"https:\/\/www.birkeakademie.online\/?post_type=product&#038;p=378"},"modified":"2024-10-25T13:00:44","modified_gmt":"2024-10-25T13:00:44","slug":"ebook-validierung-verifizierung-und-monitoring-in-der-lmi","status":"publish","type":"product","link":"https:\/\/www.birkeakademie.online\/?product=ebook-validierung-verifizierung-und-monitoring-in-der-lmi","title":{"rendered":"eBook: Validierung, Verifizierung und Monitoring in der LMI"},"content":{"rendered":"<p><strong>eBook:<br \/>\nValidierung, Verifizierung und Monitoring in der Lebensmittelindustrie<\/strong><br \/>\nIhr Leitfaden f\u00fcr die Praxis<\/p>\n<p>Validierungen, Verifizierungen und das Monitoring ziehen sich durch alle Bereiche in ihrem Unternehmen. Hierzu entstehen immer wieder Fragen, die gel\u00f6st werden m\u00fcssen,<\/p>\n<ul>\n<li>Was muss alles validiert, verifiziert oder auch \u00fcberwacht werden?<\/li>\n<li>Wo liegen die Unterschiede?<\/li>\n<li>Welche Anforderungen stellen der IFS Food, BRC, FSSC 22000 und der EU-Leitfaden HACCP?<\/li>\n<li>Wie sieht eine Re-Validierung aus?<\/li>\n<li>Oder wie sind die Einkaufsprozesse und das Lieferantenmanagement zu validieren und zu verifizieren?<\/li>\n<li>Hinzu sollten Sie in allen Unternehmensbereichen ein sicheres Monitoring implementiert haben.<\/li>\n<\/ul>\n<p>Unser eBook unterst\u00fctzt Sie mit vielen Praxisbeispielen, Empfehlungen und Hinweisen, um Ihre Prozesse im Unternehmen vollst\u00e4ndiger und effizienter zu validieren, verifizieren und zu \u00fcberwachen.<\/p>\n<p>Ihre Vorteile bei unserem eBook,<\/p>\n<ul>\n<li>Unterschiede und Begriffe zu Validierung, Verifizierung und Monitoring verst\u00e4ndlich erkl\u00e4rt<\/li>\n<li>Planungs-, Durchf\u00fchrungs- und \u00dcberwachungsphase von Validierungen und Verifizierungen effizienter gestalten<\/li>\n<li>Anforderungen des IFS, BRC, FSSC 22000, EU-Leitfadens HACCP,<br \/>\ngesetzliche Anforderungen der EU-VO 852\/2004 und 853\/2004 besser interpretieren<\/li>\n<li>viele Praxisbeispiele unterst\u00fctzen ihre Validierungen und Verifizierungen u.a. f\u00fcr: HACCP-System, Reinigung &amp; Desinfektion, Food Fraud, Lieferantenmanagement und viele mehr\u2026<\/li>\n<li>Validierung, Verifizierung und Monitoring zu PRP, oPRP, CCP genauer abgrenzen<\/li>\n<li>Umsetzungsbeispiele f\u00fcr PRPs, oPRPs und CCPs<\/li>\n<li>Checklisten f\u00fcr die vollst\u00e4ndige Validierung und Verifizierung von Prozessen<\/li>\n<li>Einfl\u00fcsse der Validierung &amp; Verifizierung auf Lebensmittelsicherheit, Lebenskonformit\u00e4t und Lebensmittellegalit\u00e4t kennen und gegensteuern<\/li>\n<\/ul>\n<p>\u00dcberzeugen Sie sich selbst und werfen Sie einen Blick ins eBook unter Vorschau.<\/p>\n<p>Sie erhalten das eBook nach Zahlungseingang als pdf per Download-Link.<\/p>\n","protected":false},"excerpt":{"rendered":"<p>Autor Dr. Norbert Kolb<\/p>\n<p>Unser eBook unterst\u00fctzt Sie mit vielen Praxisbeispielen, Empfehlungen und Hinweisen, um Ihre Prozesse im Unternehmen vollst\u00e4ndig und effizient zu validieren, verifizieren und zu \u00fcberwachen.<\/p>\n<p>125 Seiten<br \/>\n1. Auflage 2021<\/p>\n<p><a href=\"https:\/\/www.birkeakademie.online\/?page_id=141\"><img loading=\"lazy\" decoding=\"async\" class=\"alignnone size-medium wp-image-374\" src=\"https:\/\/www.birkeakademie.online\/wp-content\/uploads\/2024\/10\/Logo-umweltfr.-eBook-2-300x100.png\" alt=\"\" width=\"300\" height=\"100\" srcset=\"https:\/\/www.birkeakademie.online\/wp-content\/uploads\/2024\/10\/Logo-umweltfr.-eBook-2-300x100.png 300w, https:\/\/www.birkeakademie.online\/wp-content\/uploads\/2024\/10\/Logo-umweltfr.-eBook-2-350x117.png 350w, https:\/\/www.birkeakademie.online\/wp-content\/uploads\/2024\/10\/Logo-umweltfr.-eBook-2.png 600w\" sizes=\"auto, (max-width: 300px) 100vw, 300px\" \/><\/a><\/p>\n<p>&nbsp;<\/p>\n","protected":false},"featured_media":373,"template":"","meta":[],"product_brand":[],"product_cat":[217],"product_tag":[227,42,228,229,230,114,231,118,119,120],"class_list":{"0":"post-378","1":"product","2":"type-product","3":"status-publish","4":"has-post-thumbnail","6":"product_cat-ebook","7":"product_tag-definition-valdidierung-verifizierung","8":"product_tag-dr-norbert-kolb","9":"product_tag-ebook-validierung","10":"product_tag-ebook-verifizierung","11":"product_tag-monitoring","12":"product_tag-prozesse-validieren","13":"product_tag-prozesse-verifizieren","14":"product_tag-validierung","15":"product_tag-verifizieren","16":"product_tag-verifizierung","18":"first","19":"instock","20":"virtual","21":"taxable","22":"purchasable","23":"product-type-simple"},"_links":{"self":[{"href":"https:\/\/www.birkeakademie.online\/index.php?rest_route=\/wp\/v2\/product\/378","targetHints":{"allow":["GET"]}}],"collection":[{"href":"https:\/\/www.birkeakademie.online\/index.php?rest_route=\/wp\/v2\/product"}],"about":[{"href":"https:\/\/www.birkeakademie.online\/index.php?rest_route=\/wp\/v2\/types\/product"}],"wp:featuredmedia":[{"embeddable":true,"href":"https:\/\/www.birkeakademie.online\/index.php?rest_route=\/wp\/v2\/media\/373"}],"wp:attachment":[{"href":"https:\/\/www.birkeakademie.online\/index.php?rest_route=%2Fwp%2Fv2%2Fmedia&parent=378"}],"wp:term":[{"taxonomy":"product_brand","embeddable":true,"href":"https:\/\/www.birkeakademie.online\/index.php?rest_route=%2Fwp%2Fv2%2Fproduct_brand&post=378"},{"taxonomy":"product_cat","embeddable":true,"href":"https:\/\/www.birkeakademie.online\/index.php?rest_route=%2Fwp%2Fv2%2Fproduct_cat&post=378"},{"taxonomy":"product_tag","embeddable":true,"href":"https:\/\/www.birkeakademie.online\/index.php?rest_route=%2Fwp%2Fv2%2Fproduct_tag&post=378"}],"curies":[{"name":"wp","href":"https:\/\/api.w.org\/{rel}","templated":true}]}}