{"id":141,"date":"2024-10-18T15:46:34","date_gmt":"2024-10-18T15:46:34","guid":{"rendered":"https:\/\/www.birkeakademie.online\/?page_id=141"},"modified":"2024-10-18T15:46:34","modified_gmt":"2024-10-18T15:46:34","slug":"unser-umwelt-engagement","status":"publish","type":"page","link":"https:\/\/www.birkeakademie.online\/?page_id=141","title":{"rendered":"Unser Umwelt-Engagement"},"content":{"rendered":"\n<h2 class=\"wp-block-heading\"><strong>Umweltfreundliche Online-Seminare f\u00fcr eine gesunde Natur und<br>bessere Umwelt<\/strong><\/h2>\n\n\n\n<p>Wir setzen uns mit eigenen regionalen Ma\u00dfnahmen f\u00fcr eine gesunde Umwelt ein.<br>Mit Ihrer Teilnahme an unseren umweltfreundlichen Online-Seminaren unterst\u00fctzen Sie aktiv, unsere Ma\u00dfnahmen f\u00fcr eine bessere Umwelt.<\/p>\n\n\n\n<hr class=\"wp-block-separator has-text-color has-alpha-channel-opacity has-background is-style-wide\" style=\"background-color:#09ce06;color:#09ce06\"\/>\n\n\n\n<div class=\"wp-block-columns is-layout-flex wp-container-core-columns-is-layout-9d6595d7 wp-block-columns-is-layout-flex\">\n<div class=\"wp-block-column is-layout-flow wp-block-column-is-layout-flow\" style=\"flex-basis:66.66%\">\n<p><strong>Ist Ihnen auch die Sonnenblume mit der Biene bei unseren Online-Seminaren aufgefallen?<\/strong><\/p>\n\n\n\n<p>Sie ist unser Symbol f\u00fcr<br>umweltfreundliche Online-Seminare.<\/p>\n<\/div>\n\n\n\n<div class=\"wp-block-column is-layout-flow wp-block-column-is-layout-flow\" style=\"flex-basis:33.33%\">\n<figure class=\"wp-block-image size-large is-resized\"><img loading=\"lazy\" decoding=\"async\" width=\"767\" height=\"1024\" src=\"https:\/\/www.birkeakademie.online\/wp-content\/uploads\/2024\/10\/K1024_Sonnenblume-2-767x1024.jpg\" alt=\"\" class=\"wp-image-145\" style=\"width:240px;height:auto\"\/><\/figure>\n<\/div>\n<\/div>\n\n\n\n<hr class=\"wp-block-separator has-text-color has-alpha-channel-opacity has-background is-style-wide\" style=\"background-color:#09ce06;color:#09ce06\"\/>\n\n\n\n<p>Seit unserer Gr\u00fcndung setzt sich die BirkeAkademie f\u00fcr eine bessere Umwelt ein.<br>Wir haben uns entschieden, die Umwelt und die regionale Natur intensiver zu f\u00f6rdern.<\/p>\n\n\n\n<p>Unser Fokus liegt dabei auf der Reduzierung von CO2 und der gezielten F\u00f6rderung von Blumenwiesen in der Region.<\/p>\n\n\n\n<p><strong>Warum Blumenwiesen?<\/strong><\/p>\n\n\n\n<p>Blumenwiesen unterst\u00fctzen die Artenvielfalt und bieten wichtigen Lebensraum<br>u.a. f\u00fcr Bienen. Die F\u00f6rderung der Bienenpopulation ist ein entscheidender Faktor f\u00fcr eine nachhaltige und gesunde Natur, und f\u00fcr die Erzeugung von Lebensmittel-Rohstoffen.<\/p>\n\n\n\n<hr class=\"wp-block-separator has-text-color has-alpha-channel-opacity has-background is-style-wide\" style=\"background-color:#09ce06;color:#09ce06\"\/>\n\n\n\n<h2 class=\"wp-block-heading has-text-color has-link-color wp-elements-c6d80d4002f1b7275fca28f5b5f24294\" style=\"color:#09ce06\"><strong>Unsere umweltfreundlichen Ma\u00dfnahmen<\/strong><\/h2>\n\n\n\n<p><strong>Klimafreundlicher Strom<\/strong><br>Die BirkeAkademie verwendet 100% Strom aus erneuerbaren Energien.<\/p>\n\n\n\n<p><strong>Eigene Stromerzeugung durch Licht &amp; Sonne<\/strong><br>Unsere eigene, moderne Solaranlage liefert uns t\u00e4glich wertvollen Strom, den wir direkt innerhalb der BirkeAkademie nutzen.<\/p>\n\n\n\n<p><strong>F\u00f6rderung und Anpflanzung von Blumenwiesen in der Region<\/strong><br>In Eigenregie pflanzen wir Blumenwiesen und tragen so direkt zur F\u00f6rderung der Artenvielfalt in der Region bei.<\/p>\n\n\n\n<p><strong>Minimaler Papier-Verbrauch<\/strong><br>Wir verzichten bewusst auf ausgedruckte Seminar-Unterlagen, Fachb\u00fccher, Fachinformationen und Papier-Werbung.<br>Nur auf Wunsch erhalten Sie die Seminar-Unterlagen und Fachb\u00fccher ausgedruckt.<br>Auch Intern setzen wir auf digitale Prozesse und Dokumentationen.<\/p>\n\n\n\n<p><strong>Weniger CO2-Aussto\u00df<\/strong><br>Unsere Online-Seminare sind digital, ersparen Ihnen das Reisen, verringern den Energieverbrauch und reduzieren somit den CO2-Fu\u00dfabdruck gleich in mehreren Bereichen.<\/p>\n\n\n\n<hr class=\"wp-block-separator has-text-color has-alpha-channel-opacity has-background is-style-wide\" style=\"background-color:#09ce06;color:#09ce06\"\/>\n\n\n\n<div class=\"wp-block-columns is-layout-flex wp-container-core-columns-is-layout-9d6595d7 wp-block-columns-is-layout-flex\">\n<div class=\"wp-block-column is-layout-flow wp-block-column-is-layout-flow\" style=\"flex-basis:33.33%\">\n<figure class=\"wp-block-image size-large is-resized\"><img loading=\"lazy\" decoding=\"async\" width=\"799\" height=\"1024\" src=\"https:\/\/www.birkeakademie.online\/wp-content\/uploads\/2024\/10\/Logo_transparent-BirkeAkademie-799x1024.png\" alt=\"\" class=\"wp-image-7\" style=\"width:104px;height:auto\" srcset=\"https:\/\/www.birkeakademie.online\/wp-content\/uploads\/2024\/10\/Logo_transparent-BirkeAkademie-799x1024.png 799w, https:\/\/www.birkeakademie.online\/wp-content\/uploads\/2024\/10\/Logo_transparent-BirkeAkademie-350x449.png 350w, https:\/\/www.birkeakademie.online\/wp-content\/uploads\/2024\/10\/Logo_transparent-BirkeAkademie-234x300.png 234w, https:\/\/www.birkeakademie.online\/wp-content\/uploads\/2024\/10\/Logo_transparent-BirkeAkademie-768x985.png 768w, https:\/\/www.birkeakademie.online\/wp-content\/uploads\/2024\/10\/Logo_transparent-BirkeAkademie.png 921w\" sizes=\"auto, (max-width: 706px) 89vw, (max-width: 767px) 82vw, 740px\" \/><\/figure>\n<\/div>\n\n\n\n<div class=\"wp-block-column is-layout-flow wp-block-column-is-layout-flow\" style=\"flex-basis:66.66%\">\n<p>Wir, als BirkeAkademie, haben uns bewusst entschieden, die Natur und Umwelt mit eigenen Ma\u00dfnahmen zu verbessern, unsere Produkte nachhaltig zu entwickeln und die Birke als Zeichen daf\u00fcr, in unser Logo aufzunehmen.<\/p>\n<\/div>\n<\/div>\n\n\n\n<hr class=\"wp-block-separator has-text-color has-alpha-channel-opacity has-background is-style-wide\" style=\"background-color:#09ce06;color:#09ce06\"\/>\n\n\n\n<blockquote class=\"wp-block-quote is-layout-flow wp-block-quote-is-layout-flow\">\n<p>Mit Ihrer Teilnahme an unseren umweltfreundlichen Online-Seminaren, unterst\u00fctzen Sie aktiv unsere Ma\u00dfnahmen f\u00fcr eine bessere Umwelt.<\/p>\n<cite>Ihre BirkeAkademie<\/cite><\/blockquote>\n\n\n\n<p><\/p>\n","protected":false},"excerpt":{"rendered":"<p>Umweltfreundliche Online-Seminare f\u00fcr eine gesunde Natur undbessere Umwelt Wir setzen uns mit eigenen regionalen Ma\u00dfnahmen f\u00fcr eine gesunde Umwelt ein.Mit Ihrer Teilnahme an unseren umweltfreundlichen Online-Seminaren unterst\u00fctzen Sie aktiv, unsere Ma\u00dfnahmen f\u00fcr eine bessere Umwelt. Ist Ihnen auch die Sonnenblume mit der Biene bei unseren Online-Seminaren aufgefallen? Sie ist unser Symbol f\u00fcrumweltfreundliche Online-Seminare. Seit unserer &hellip; <\/p>\n<p class=\"link-more\"><a href=\"https:\/\/www.birkeakademie.online\/?page_id=141\" class=\"more-link\"><span class=\"screen-reader-text\">\u201eUnser Umwelt-Engagement\u201c <\/span>weiterlesen<\/a><\/p>\n","protected":false},"author":1,"featured_media":0,"parent":0,"menu_order":0,"comment_status":"closed","ping_status":"closed","template":"","meta":{"footnotes":""},"class_list":["post-141","page","type-page","status-publish","hentry"],"_links":{"self":[{"href":"https:\/\/www.birkeakademie.online\/index.php?rest_route=\/wp\/v2\/pages\/141","targetHints":{"allow":["GET"]}}],"collection":[{"href":"https:\/\/www.birkeakademie.online\/index.php?rest_route=\/wp\/v2\/pages"}],"about":[{"href":"https:\/\/www.birkeakademie.online\/index.php?rest_route=\/wp\/v2\/types\/page"}],"author":[{"embeddable":true,"href":"https:\/\/www.birkeakademie.online\/index.php?rest_route=\/wp\/v2\/users\/1"}],"replies":[{"embeddable":true,"href":"https:\/\/www.birkeakademie.online\/index.php?rest_route=%2Fwp%2Fv2%2Fcomments&post=141"}],"version-history":[{"count":0,"href":"https:\/\/www.birkeakademie.online\/index.php?rest_route=\/wp\/v2\/pages\/141\/revisions"}],"wp:attachment":[{"href":"https:\/\/www.birkeakademie.online\/index.php?rest_route=%2Fwp%2Fv2%2Fmedia&parent=141"}],"curies":[{"name":"wp","href":"https:\/\/api.w.org\/{rel}","templated":true}]}}